et h = i + 1057. List the prime factors of h.
2, 41
Let l(g) = 2*g**2 - 10*g - 8. Let z be l(-10). Let i = z + -59. What are the prime factors of i?
233
Let z(j) = -8*j**3 - 9*j**2 - 6*j - 6. Let g be z(-6). Let m = g - 744. What are the prime factors of m?
2, 3, 5, 23
Let x be (-184)/(-8) + (-6)/9*6. Let r(z) = -262 + 153 + 179 + x*z + 10*z**2. What are the prime factors of r(-6)?
2, 79
List the prime factors of (-6)/4*(-11508320)/408.
2, 5, 4231
What are the prime factors of (2 - (-3230 + -3))/((-206)/12 + 18)?
2, 3, 647
Suppose 0 = -3*q - l - 38, -2*q = -l + 13 + 14. What are the prime factors of (4/(-10))/(q/3380)?
2, 13
Let g(j) = -43*j**3 - 3*j**2 + 67*j + 689. What are the prime factors of g(-11)?
2, 28411
Let y = -135 - -140. Suppose 0 = 6*k - 4*k + 3*n - 948, -3*k - y*n = -1422. List the prime factors of k.
2, 3, 79
Let r = 16 - 6. Suppose 42*a = 47*a - r. What are the prime factors of (a/(-1))/(4/(-118))?
59
Let n = -304 + 156. Let a = -96 - n. Suppose -p + 4*p = x - 24, -2*x = -2*p - a. What are the prime factors of x?
3
Suppose 42717 = 5*m - 10123. List the prime factors of m.
2, 1321
Let g = -7 - -8. Suppose q + s + 5 = 0, 3*s = 4*q - 0*s - g. List the prime factors of 3800/57 + q/(-6).
67
Suppose -3*h - 2*w - 348 = 0, -3*w = -5*h - 0*w - 561. List the prime factors of h/76*(-79 - -1).
3, 13
Let l(q) = 71*q - 139. Let h be l(7). Suppose p = r + h, -p - r = -188 - 162. What are the prime factors of p?
2, 3, 59
Suppose 313 = s - 158. Let q = -313 + s. What are the prime factors of q?
2, 79
Let y be (-6 + 8/(-3))*(-99)/(-2). Let a = y - -1117. What are the prime factors of a?
2, 43
Suppose -25*j = -44*j + 117*j - 212268. What are the prime factors of j?
2, 3, 19
Suppose -5*h - 23 = -3, -4*h + 97 = g. Suppose 0 = 5*i - 47 - g. What are the prime factors of 3/24 + 636/i?
2, 5
Let i be -10*3/(-24)*1*4. Suppose -i*y - 4*c = 1051, 4*y = 2*y + 3*c - 425. Let w = -128 - y. What are the prime factors of w?
83
Let z be -1*(-3)/6*14. Let s = z - -55. Suppose 0 = -2*t - s + 180. What are the prime factors of t?
59
Suppose -21*r + 36 = -30*r. Let v be ((-4)/5)/((-7)/140). What are the prime factors of (323 + -2)*(v/(-12))/r?
107
Suppose -22*x + 140 = -36. What are the prime factors of 38668/84 + x/(-6)?
3, 17
Suppose -20 = -5*i, -3*x + 5*i = -x + 204. Let b(o) = -o**3 - 6*o**2 - 7*o - 4. Let a be b(-5). What are the prime factors of 3 - (1*x - a/2)?
2, 7
Let w = 15 + 13. Let v = -23 + w. Suppose 0 = v*o - 3*o - 170. What are the prime factors of o?
5, 17
Let u(g) = -5*g**3 - 11*g - 2. Let p = 79 - 82. List the prime factors of u(p).
2, 83
Suppose 738*c - 737*c - 183 = 0. Let u = c + 23. List the prime factors of u.
2, 103
Suppose 0 = 18*g + 5*g - 183234 - 667375. List the prime factors of g.
31, 1193
Suppose 6*a - 68 = 352. Suppose 98*t = 93*t + a. Suppose -5*o + z + 180 = t, 5*z = 3*o - 82. What are the prime factors of o?
2, 17
Let h be (0/(-1) - -2)/((-4)/(-62)). Suppose -h*s - 2 = -32*s. Suppose s*f - 67 = -3*q, -2*q - 2*q - 2*f = -86. What are the prime factors of q?
19
Suppose 32 = 5*z - 3. List the prime factors of (z - (-3528)/7) + -3.
2, 127
Let y(t) = 2*t**2 + 6*t + 7. Let z be y(-6). Let m(a) = -z*a + 9*a - 1393 + 1414 - a**2. List the prime factors of m(-28).
3, 7
Let n(m) = -m**2 - 8*m - 9. Let l be 4/(-18) - (-208)/(-36). Let y be n(l). Suppose s + y*s = 772. What are the prime factors of s?
193
Let w(n) = -5*n**3 - n**2 - 15*n - 30. List the prime factors of w(-11).
3, 13, 19
Let b be (-36)/(-10) - 28/(-20). Suppose 26*i - 15204 = b*i. List the prime factors of i.
2, 181
Let o(t) = -t**3 + 2*t**2 + 5*t - 9. Let d be o(3). What are the prime factors of 8/d*1776/(-64)?
2, 37
Suppose -178982 = -2*n + 5*d, -204100 + 25100 = -2*n - 4*d. List the prime factors of n.
2, 3, 11, 113
Suppose -78*g - 1086759 = -6093189. List the prime factors of g.
3, 5, 11, 389
Suppose 9*t + 6 = 15. Let x(n) = 190*n**2 - 2*n + 3. List the prime factors of x(t).
191
Let n = -31 - -33. Let u be 644 + -3 + 2 + n. Suppose 9*y - u - 201 = 0. List the prime factors of y.
2, 47
Let i(a) = 148*a**2 + 27*a + 688. List the prime factors of i(-15).
11, 43, 71
Suppose -8 = -5*h + 3*l - l, 3*l = 4*h - 5. Suppose -4*w + w = -3*b - 1443, -4*w = h*b - 1906. What are the prime factors of w?
2, 239
Suppose 3*l = v - 7532 - 3020, 5*v - 5*l - 52760 = 0. What are the prime factors of v?
2, 1319
Let u(q) = -2*q**3 + 39*q**2 + 5*q + 24. Let m be ((-2 - -1) + -1)*(-76)/8. List the prime factors of u(m).
2, 3, 5
Suppose -219*u + 229*u = 129930. List the prime factors of u.
3, 61, 71
Suppose -3*o - 2 = 2*o - x, -3*x + 6 = 3*o. Suppose 11*l - 7*l - 96 = o. Suppose -2*t = -4*h + 94, 0 = h - t - 0*t - l. What are the prime factors of h?
23
Suppose z + 2*r = 98, z - 2*r + 286 = 4*z. Suppose -z - 61 = -2*n + o, -226 = -3*n - 5*o. List the prime factors of n.
7, 11
Let t(k) = -6*k**3 + k**2 + 7*k - 9. Let r(i) = 2*i**3 - 2*i + 3. Let o(l) = 7*r(l) + 2*t(l). List the prime factors of o(0).
3
Let t = 172 + -161. Let u(c) = 3*c**3 - 27*c**2 - 9*c + 45. List the prime factors of u(t).
2, 3, 7
Let u(x) = -10*x + 1. Let p be u(-1). Let y be (6 - (p - 6)) + (-1 - -2). Suppose 0*h = -h - 5*s + 178, 5*h - y*s = 755. What are the prime factors of h?
3, 17
Let l(x) = 65*x**2 - 2*x - 1. Let f(i) = 4 - 30*i - 10 + 29*i. Let n be f(-5). What are the prime factors of l(n)?
2, 3, 11
Let g = -22 + 22. Let o be 2 - -3 - (1 - g). Suppose o*n - 10*n + 144 = 0. What are the prime factors of n?
2, 3
Let q(p) = 2*p + 36. Suppose 0 = -2*s - 7 - 29. Let z be q(s). Suppose 0*w + 5*w + 3*g - 21 = z, 4*g - 11 = -w. What are the prime factors of w?
3
Suppose 0 = -5*a - 5*z - 3475, -27*z = -a - 25*z - 698. Let x = 1246 + a. What are the prime factors of x?
2, 5, 11
Suppose -10415 = -4*q + 3*i + 10411, 4*q - 4*i - 20828 = 0. What are the prime factors of q?
3, 5, 347
Let i be (8/(-7))/((-2)/7). Suppose -i*u + 4*m + 20 = 0, 3*m - 20 = -4*u - 2*m. Suppose -f + 6*f = u*g - 330, g - 50 = 5*f. List the prime factors of g.
2, 5, 7
Suppose -g = -2*w + 11, w - 20*g = -19*g + 8. Suppose -151 = -w*v + 44. What are the prime factors of v?
5, 13
Suppose 0 = 9*w - 23*w + 112. Let z(p) = 134*p**3 + 2*p - 1. Let d be z(1). List the prime factors of d/(-18)*w/(-3).
2, 5
Let u be -2 - -6 - 4 - (-185)/(-1). List the prime factors of 27/(-63) - (-6)/14 - u.
5, 37
Let w = 328 - 467. Let u be (w - -1)/(-3) - 4. List the prime factors of u/10 + (-15)/75.
2
Let x(f) be the second derivative of 163*f**4/12 - 10*f**3/3 - 23*f**2 + 89*f. List the prime factors of x(-2).
2, 17, 19
Let c = 7167 - 4688. List the prime factors of c.
37, 67
Let w = -630 + 376. Let q = w - -417. Suppose 58 = x + 4*j, 4*j + 453 = 5*x + q. List the prime factors of x.
2, 29
Let u = -1871 + 5295. What are the prime factors of u?
2, 107
Suppose 126687 - 37023 = 80*x + 112*x. Suppose -5*j = 15, 2*q - 4*j = -3*j + 25. Suppose x + 1700 = q*l. What are the prime factors of l?
197
Suppose -87*y + 10*y + 492900 = 23*y. List the prime factors of y.
3, 31, 53
Let n(s) = 1681*s**2 - 624*s + 3746. What are the prime factors of n(6)?
2, 30259
Let n(i) = 49*i - 25. Let b be n(25). Let v = b + -374. What are the prime factors of v?
2, 7, 59
What are the prime factors of (-2200)/(-385)*25053/6?
2, 5, 1193
Suppose 0 = -2*r + 22 - 20. Suppose 9*m + r - 1 = 0. Suppose -2*j + 202 + 182 = m. List the prime factors of j.
2, 3
Suppose 13*t - 33*t = -5320. Suppose -5*r = 10 - 40. Suppose r*w = -w + t. What are the prime factors of w?
2, 19
Let t = 130 + -45. Let j = 164 + -202. Let x = t - j. List the prime factors of x.
3, 41
Let x(s) = 85*s**3 - 35*s**2 + 27*s - 181. What are the prime factors of x(8)?
5, 8263
Suppose -5*n + 3*o + 23 = -3*n, -3*n - 2*o + 28 = 0. Let u(q) = -1 + 9*q - q**2 + n + 20 - 7. List the prime factors of u(10).
2, 3
Suppose -3*f = -2*v + v - 49, 2*v = -f + 7. Let r be 159/(7/(140/f)). Suppose -z + 2*z = r. What are the prime factors of z?
2, 53
Suppose -4*m = 3*x - 130, -x - 134 = -5*m + 19. Suppose 0 = 9*y - m*y + 11022. List the prime factors of y.
3, 167
Let l = -569 - -865. Let n = -24 + l. What are the prime factors of n?
2, 17
Let y(c) = -3*c**2 + 6*c - 5. Let f be y(2). List the prime factors of (-16)/20 + (-214)/f.
2, 3, 7
Let w(n) = -n**2 + 18*n + 17. L